{"id":3303,"date":"2025-12-27T12:22:04","date_gmt":"2025-12-27T12:22:04","guid":{"rendered":"https:\/\/wellborne.iszzentrum.com\/wordpress\/?page_id=3303"},"modified":"2025-12-29T11:06:12","modified_gmt":"2025-12-29T11:06:12","slug":"conception-mobile","status":"publish","type":"page","link":"https:\/\/wellborne.site\/?page_id=3303","title":{"rendered":"Conception Mobile"},"content":{"rendered":"\t\t<div data-elementor-type=\"wp-page\" data-elementor-id=\"3303\" class=\"elementor elementor-3303\" data-elementor-post-type=\"page\">\n\t\t\t\t<div class=\"aux-parallax-section elementor-element elementor-element-e842a0c e-flex e-con-boxed wpr-particle-no wpr-jarallax-no wpr-parallax-no wpr-sticky-section-no e-con e-parent\" data-id=\"e842a0c\" data-element_type=\"container\">\n\t\t\t\t\t<div class=\"e-con-inner\">\n\t\t\t\t<div class=\"elementor-element elementor-element-affba4c aux-appear-watch-animation aux-fade-in-up-2 elementor-widget elementor-widget-elementskit-heading\" data-id=\"affba4c\" data-element_type=\"widget\" data-widget_type=\"elementskit-heading.default\">\n\t\t\t\t\t<div class=\"ekit-wid-con\" ><div class=\"ekit-heading elementskit-section-title-wraper text_center   ekit_heading_tablet-text_left   ekit_heading_mobile-text_center\"><h2 class=\"ekit-heading--title elementskit-section-title \"> <span><span>Conception Mobile<\/span><\/span> <\/h2><\/div><\/div>\t\t\t\t<\/div>\n\t\t\t\t\t<\/div>\n\t\t\t\t<\/div>\n\t\t<div class=\"aux-parallax-section elementor-element elementor-element-ce2a459 e-flex e-con-boxed wpr-particle-no wpr-jarallax-no wpr-parallax-no wpr-sticky-section-no e-con e-parent\" data-id=\"ce2a459\" data-element_type=\"container\">\n\t\t\t\t\t<div class=\"e-con-inner\">\n\t\t\t\t<div class=\"elementor-element elementor-element-9a7284c elementor-widget elementor-widget-text-editor\" data-id=\"9a7284c\" data-element_type=\"widget\" data-widget_type=\"text-editor.default\">\n\t\t\t\t\t\t\t\t\t<div class=\"Y3BBE\" data-sfc-cp=\"\" data-hveid=\"CAEIAxAA\" data-processed=\"true\" data-complete=\"true\">Au-del\u00e0 de la communication visuelle et du branding, Wellborne est un acteur majeur dans le d\u00e9veloppement de solutions num\u00e9riques innovantes. Nous ma\u00eetrisons l\u2019int\u00e9gralit\u00e9 du processus de\u00a0<strong class=\"Yjhzub\" data-complete=\"true\" data-processed=\"true\">conception d\u2019applications mobiles<\/strong>, de l\u2019id\u00e9ation \u00e0 la publication sur les stores (App Store et Google Play).<\/div><div class=\"Y3BBE\" data-sfc-cp=\"\" data-hveid=\"CAEIBBAA\" data-complete=\"true\" data-processed=\"true\">Nous d\u00e9veloppons des applications mobiles de\u00a0<strong class=\"Yjhzub\" data-complete=\"true\" data-processed=\"true\">toutes sortes<\/strong>, con\u00e7ues pour r\u00e9pondre pr\u00e9cis\u00e9ment aux d\u00e9fis uniques de nos clients :<\/div><ul class=\"KsbFXc U6u95\" data-complete=\"true\" data-processed=\"true\"><li data-hveid=\"CAEIBRAA\" data-complete=\"true\" data-sae=\"\"><span class=\"T286Pc\" data-sfc-cp=\"\" data-complete=\"true\"><strong class=\"Yjhzub\" data-complete=\"true\">Applications M\u00e9tier (B2B) :<\/strong>\u00a0Outils internes pour optimiser la gestion des t\u00e2ches, le suivi des stocks ou la communication d\u2019\u00e9quipe.<\/span><\/li><li data-hveid=\"CAEIBRAB\" data-complete=\"true\" data-sae=\"\"><span class=\"T286Pc\" data-sfc-cp=\"\" data-complete=\"true\"><strong class=\"Yjhzub\" data-complete=\"true\">Applications Grand Public (B2C) :<\/strong>\u00a0Exp\u00e9riences utilisateur fluides et intuitives pour l\u2019e-commerce, les services \u00e0 la demande, les plateformes communautaires ou les applications de fid\u00e9lit\u00e9.<\/span><\/li><li data-hveid=\"CAEIBRAC\" data-complete=\"true\" data-sae=\"\"><span class=\"T286Pc\" data-sfc-cp=\"\" data-complete=\"true\"><strong class=\"Yjhzub\" data-complete=\"true\">Applications Sp\u00e9cialis\u00e9es :<\/strong>\u00a0Solutions sur mesure int\u00e9grant des technologies avanc\u00e9es (g\u00e9olocalisation, int\u00e9gration IoT, r\u00e9alit\u00e9 augment\u00e9e) pour des secteurs sp\u00e9cifiques.<\/span><\/li><\/ul>\t\t\t\t\t\t\t\t<\/div>\n\t\t\t\t\t<\/div>\n\t\t\t\t<\/div>\n\t\t\t\t<\/div>\n\t\t","protected":false},"excerpt":{"rendered":"<p>Conception Mobile Au-del\u00e0 de la communication visuelle et du branding, Wellborne est un acteur majeur dans le d\u00e9veloppement de solutions num\u00e9riques innovantes. Nous ma\u00eetrisons l\u2019int\u00e9gralit\u00e9 du processus de\u00a0conception d\u2019applications mobiles, de l\u2019id\u00e9ation \u00e0 la publication sur les stores (App Store et Google Play).Nous d\u00e9veloppons des applications mobiles de\u00a0toutes sortes, con\u00e7ues pour r\u00e9pondre pr\u00e9cis\u00e9ment aux d\u00e9fis uniques de nos clients : Applications M\u00e9tier (B2B) :\u00a0Outils internes pour optimiser la gestion des t\u00e2ches, le suivi des stocks ou la communication d\u2019\u00e9quipe. Applications Grand Public (B2C) :\u00a0Exp\u00e9riences utilisateur fluides et intuitives pour l\u2019e-commerce, les services \u00e0 la demande, les plateformes communautaires ou les applications de fid\u00e9lit\u00e9. Applications Sp\u00e9cialis\u00e9es :\u00a0Solutions sur mesure int\u00e9grant des technologies avanc\u00e9es (g\u00e9olocalisation, int\u00e9gration IoT, r\u00e9alit\u00e9 augment\u00e9e) pour des secteurs sp\u00e9cifiques.<\/p>\n","protected":false},"author":1,"featured_media":0,"parent":0,"menu_order":0,"comment_status":"closed","ping_status":"closed","template":"elementor_header_footer","meta":{"footnotes":""},"class_list":["post-3303","page","type-page","status-publish","hentry"],"yoast_head":"<!-- This site is optimized with the Yoast SEO plugin v26.6 - https:\/\/yoast.com\/wordpress\/plugins\/seo\/ -->\n<title>Conception Mobile - wellborne<\/title>\n<meta name=\"robots\" content=\"index, follow, max-snippet:-1, max-image-preview:large, max-video-preview:-1\" \/>\n<link rel=\"canonical\" href=\"https:\/\/wellborne.site\/?page_id=3303\" \/>\n<meta property=\"og:locale\" content=\"en_US\" \/>\n<meta property=\"og:type\" content=\"article\" \/>\n<meta property=\"og:title\" content=\"Conception Mobile - wellborne\" \/>\n<meta property=\"og:description\" content=\"Conception Mobile Au-del\u00e0 de la communication visuelle et du branding, Wellborne est un acteur majeur dans le d\u00e9veloppement de solutions num\u00e9riques innovantes. Nous ma\u00eetrisons l\u2019int\u00e9gralit\u00e9 du processus de\u00a0conception d\u2019applications mobiles, de l\u2019id\u00e9ation \u00e0 la publication sur les stores (App Store et Google Play).Nous d\u00e9veloppons des applications mobiles de\u00a0toutes sortes, con\u00e7ues pour r\u00e9pondre pr\u00e9cis\u00e9ment aux d\u00e9fis uniques de nos clients : Applications M\u00e9tier (B2B) :\u00a0Outils internes pour optimiser la gestion des t\u00e2ches, le suivi des stocks ou la communication d\u2019\u00e9quipe. Applications Grand Public (B2C) :\u00a0Exp\u00e9riences utilisateur fluides et intuitives pour l\u2019e-commerce, les services \u00e0 la demande, les plateformes communautaires ou les applications de fid\u00e9lit\u00e9. Applications Sp\u00e9cialis\u00e9es :\u00a0Solutions sur mesure int\u00e9grant des technologies avanc\u00e9es (g\u00e9olocalisation, int\u00e9gration IoT, r\u00e9alit\u00e9 augment\u00e9e) pour des secteurs sp\u00e9cifiques.\" \/>\n<meta property=\"og:url\" content=\"https:\/\/wellborne.site\/?page_id=3303\" \/>\n<meta property=\"og:site_name\" content=\"wellborne\" \/>\n<meta property=\"article:publisher\" content=\"https:\/\/web.facebook.com\/thewellbornes\/?_rdc=1&amp;_rdr#\" \/>\n<meta property=\"article:modified_time\" content=\"2025-12-29T11:06:12+00:00\" \/>\n<meta property=\"og:image\" content=\"https:\/\/wellborne.site\/wp-content\/uploads\/2025\/12\/cropped-LOGO-WELLBORNE-DIGITAL-1.png\" \/>\n\t<meta property=\"og:image:width\" content=\"512\" \/>\n\t<meta property=\"og:image:height\" content=\"512\" \/>\n\t<meta property=\"og:image:type\" content=\"image\/png\" \/>\n<meta name=\"twitter:card\" content=\"summary_large_image\" \/>\n<meta name=\"twitter:label1\" content=\"Est. reading time\" \/>\n\t<meta name=\"twitter:data1\" content=\"1 minute\" \/>\n<script type=\"application\/ld+json\" class=\"yoast-schema-graph\">{\"@context\":\"https:\/\/schema.org\",\"@graph\":[{\"@type\":\"WebPage\",\"@id\":\"https:\/\/wellborne.site\/?page_id=3303\",\"url\":\"https:\/\/wellborne.site\/?page_id=3303\",\"name\":\"Conception Mobile - wellborne\",\"isPartOf\":{\"@id\":\"https:\/\/wellborne.site\/#website\"},\"datePublished\":\"2025-12-27T12:22:04+00:00\",\"dateModified\":\"2025-12-29T11:06:12+00:00\",\"breadcrumb\":{\"@id\":\"https:\/\/wellborne.site\/?page_id=3303#breadcrumb\"},\"inLanguage\":\"en-US\",\"potentialAction\":[{\"@type\":\"ReadAction\",\"target\":[\"https:\/\/wellborne.site\/?page_id=3303\"]}]},{\"@type\":\"BreadcrumbList\",\"@id\":\"https:\/\/wellborne.site\/?page_id=3303#breadcrumb\",\"itemListElement\":[{\"@type\":\"ListItem\",\"position\":1,\"name\":\"Home\",\"item\":\"https:\/\/wellborne.site\/\"},{\"@type\":\"ListItem\",\"position\":2,\"name\":\"Conception Mobile\"}]},{\"@type\":\"WebSite\",\"@id\":\"https:\/\/wellborne.site\/#website\",\"url\":\"https:\/\/wellborne.site\/\",\"name\":\"wellborne\",\"description\":\"Parlez fort parlez visuellement\",\"publisher\":{\"@id\":\"https:\/\/wellborne.site\/#organization\"},\"alternateName\":\"wellborne\",\"potentialAction\":[{\"@type\":\"SearchAction\",\"target\":{\"@type\":\"EntryPoint\",\"urlTemplate\":\"https:\/\/wellborne.site\/?s={search_term_string}\"},\"query-input\":{\"@type\":\"PropertyValueSpecification\",\"valueRequired\":true,\"valueName\":\"search_term_string\"}}],\"inLanguage\":\"en-US\"},{\"@type\":\"Organization\",\"@id\":\"https:\/\/wellborne.site\/#organization\",\"name\":\"wellborne\",\"url\":\"https:\/\/wellborne.site\/\",\"logo\":{\"@type\":\"ImageObject\",\"inLanguage\":\"en-US\",\"@id\":\"https:\/\/wellborne.site\/#\/schema\/logo\/image\/\",\"url\":\"https:\/\/wellborne.site\/wp-content\/uploads\/2025\/12\/cropped-LOGO-WELLBORNE-DIGITAL-1.png\",\"contentUrl\":\"https:\/\/wellborne.site\/wp-content\/uploads\/2025\/12\/cropped-LOGO-WELLBORNE-DIGITAL-1.png\",\"width\":512,\"height\":512,\"caption\":\"wellborne\"},\"image\":{\"@id\":\"https:\/\/wellborne.site\/#\/schema\/logo\/image\/\"},\"sameAs\":[\"https:\/\/web.facebook.com\/thewellbornes\/?_rdc=1&_rdr#\",\"https:\/\/wellborne.site\/\"]}]}<\/script>\n<!-- \/ Yoast SEO plugin. -->","yoast_head_json":{"title":"Conception Mobile - wellborne","robots":{"index":"index","follow":"follow","max-snippet":"max-snippet:-1","max-image-preview":"max-image-preview:large","max-video-preview":"max-video-preview:-1"},"canonical":"https:\/\/wellborne.site\/?page_id=3303","og_locale":"en_US","og_type":"article","og_title":"Conception Mobile - wellborne","og_description":"Conception Mobile Au-del\u00e0 de la communication visuelle et du branding, Wellborne est un acteur majeur dans le d\u00e9veloppement de solutions num\u00e9riques innovantes. Nous ma\u00eetrisons l\u2019int\u00e9gralit\u00e9 du processus de\u00a0conception d\u2019applications mobiles, de l\u2019id\u00e9ation \u00e0 la publication sur les stores (App Store et Google Play).Nous d\u00e9veloppons des applications mobiles de\u00a0toutes sortes, con\u00e7ues pour r\u00e9pondre pr\u00e9cis\u00e9ment aux d\u00e9fis uniques de nos clients : Applications M\u00e9tier (B2B) :\u00a0Outils internes pour optimiser la gestion des t\u00e2ches, le suivi des stocks ou la communication d\u2019\u00e9quipe. Applications Grand Public (B2C) :\u00a0Exp\u00e9riences utilisateur fluides et intuitives pour l\u2019e-commerce, les services \u00e0 la demande, les plateformes communautaires ou les applications de fid\u00e9lit\u00e9. Applications Sp\u00e9cialis\u00e9es :\u00a0Solutions sur mesure int\u00e9grant des technologies avanc\u00e9es (g\u00e9olocalisation, int\u00e9gration IoT, r\u00e9alit\u00e9 augment\u00e9e) pour des secteurs sp\u00e9cifiques.","og_url":"https:\/\/wellborne.site\/?page_id=3303","og_site_name":"wellborne","article_publisher":"https:\/\/web.facebook.com\/thewellbornes\/?_rdc=1&_rdr#","article_modified_time":"2025-12-29T11:06:12+00:00","og_image":[{"width":512,"height":512,"url":"https:\/\/wellborne.site\/wp-content\/uploads\/2025\/12\/cropped-LOGO-WELLBORNE-DIGITAL-1.png","type":"image\/png"}],"twitter_card":"summary_large_image","twitter_misc":{"Est. reading time":"1 minute"},"schema":{"@context":"https:\/\/schema.org","@graph":[{"@type":"WebPage","@id":"https:\/\/wellborne.site\/?page_id=3303","url":"https:\/\/wellborne.site\/?page_id=3303","name":"Conception Mobile - wellborne","isPartOf":{"@id":"https:\/\/wellborne.site\/#website"},"datePublished":"2025-12-27T12:22:04+00:00","dateModified":"2025-12-29T11:06:12+00:00","breadcrumb":{"@id":"https:\/\/wellborne.site\/?page_id=3303#breadcrumb"},"inLanguage":"en-US","potentialAction":[{"@type":"ReadAction","target":["https:\/\/wellborne.site\/?page_id=3303"]}]},{"@type":"BreadcrumbList","@id":"https:\/\/wellborne.site\/?page_id=3303#breadcrumb","itemListElement":[{"@type":"ListItem","position":1,"name":"Home","item":"https:\/\/wellborne.site\/"},{"@type":"ListItem","position":2,"name":"Conception Mobile"}]},{"@type":"WebSite","@id":"https:\/\/wellborne.site\/#website","url":"https:\/\/wellborne.site\/","name":"wellborne","description":"Parlez fort parlez visuellement","publisher":{"@id":"https:\/\/wellborne.site\/#organization"},"alternateName":"wellborne","potentialAction":[{"@type":"SearchAction","target":{"@type":"EntryPoint","urlTemplate":"https:\/\/wellborne.site\/?s={search_term_string}"},"query-input":{"@type":"PropertyValueSpecification","valueRequired":true,"valueName":"search_term_string"}}],"inLanguage":"en-US"},{"@type":"Organization","@id":"https:\/\/wellborne.site\/#organization","name":"wellborne","url":"https:\/\/wellborne.site\/","logo":{"@type":"ImageObject","inLanguage":"en-US","@id":"https:\/\/wellborne.site\/#\/schema\/logo\/image\/","url":"https:\/\/wellborne.site\/wp-content\/uploads\/2025\/12\/cropped-LOGO-WELLBORNE-DIGITAL-1.png","contentUrl":"https:\/\/wellborne.site\/wp-content\/uploads\/2025\/12\/cropped-LOGO-WELLBORNE-DIGITAL-1.png","width":512,"height":512,"caption":"wellborne"},"image":{"@id":"https:\/\/wellborne.site\/#\/schema\/logo\/image\/"},"sameAs":["https:\/\/web.facebook.com\/thewellbornes\/?_rdc=1&_rdr#","https:\/\/wellborne.site\/"]}]}},"_links":{"self":[{"href":"https:\/\/wellborne.site\/index.php?rest_route=\/wp\/v2\/pages\/3303","targetHints":{"allow":["GET"]}}],"collection":[{"href":"https:\/\/wellborne.site\/index.php?rest_route=\/wp\/v2\/pages"}],"about":[{"href":"https:\/\/wellborne.site\/index.php?rest_route=\/wp\/v2\/types\/page"}],"author":[{"embeddable":true,"href":"https:\/\/wellborne.site\/index.php?rest_route=\/wp\/v2\/users\/1"}],"replies":[{"embeddable":true,"href":"https:\/\/wellborne.site\/index.php?rest_route=%2Fwp%2Fv2%2Fcomments&post=3303"}],"version-history":[{"count":7,"href":"https:\/\/wellborne.site\/index.php?rest_route=\/wp\/v2\/pages\/3303\/revisions"}],"predecessor-version":[{"id":3647,"href":"https:\/\/wellborne.site\/index.php?rest_route=\/wp\/v2\/pages\/3303\/revisions\/3647"}],"wp:attachment":[{"href":"https:\/\/wellborne.site\/index.php?rest_route=%2Fwp%2Fv2%2Fmedia&parent=3303"}],"curies":[{"name":"wp","href":"https:\/\/api.w.org\/{rel}","templated":true}]}}