{"id":3379,"date":"2025-12-28T15:21:14","date_gmt":"2025-12-28T15:21:14","guid":{"rendered":"https:\/\/wellborne.iszzentrum.com\/wordpress\/?page_id=3379"},"modified":"2025-12-30T09:34:22","modified_gmt":"2025-12-30T09:34:22","slug":"formations","status":"publish","type":"page","link":"https:\/\/wellborne.site\/?page_id=3379","title":{"rendered":"Formations"},"content":{"rendered":"\t\t<div data-elementor-type=\"wp-page\" data-elementor-id=\"3379\" class=\"elementor elementor-3379\" data-elementor-post-type=\"page\">\n\t\t\t\t<div class=\"aux-parallax-section elementor-element elementor-element-7278fbb3 e-flex e-con-boxed wpr-particle-no wpr-jarallax-no wpr-parallax-no wpr-sticky-section-no e-con e-parent\" data-id=\"7278fbb3\" data-element_type=\"container\" data-settings=\"{&quot;background_background&quot;:&quot;classic&quot;}\">\n\t\t\t\t\t<div class=\"e-con-inner\">\n\t\t\t\t<div class=\"elementor-element elementor-element-1426cee8 elementor-widget elementor-widget-heading\" data-id=\"1426cee8\" data-element_type=\"widget\" data-widget_type=\"heading.default\">\n\t\t\t\t\t<h1 class=\"elementor-heading-title elementor-size-default\">Nos Formations<\/h1>\t\t\t\t<\/div>\n\t\t\t\t\t<\/div>\n\t\t\t\t<\/div>\n\t\t<div class=\"aux-parallax-section elementor-element elementor-element-5d393ec e-flex e-con-boxed wpr-particle-no wpr-jarallax-no wpr-parallax-no wpr-sticky-section-no e-con e-parent\" data-id=\"5d393ec\" data-element_type=\"container\">\n\t\t\t\t\t<div class=\"e-con-inner\">\n\t\t\t\t<div class=\"elementor-element elementor-element-a0c7bd1 elementor-widget elementor-widget-html\" data-id=\"a0c7bd1\" data-element_type=\"widget\" data-widget_type=\"html.default\">\n\t\t\t\t\t<style>\r\n.formations {\r\n  padding: 80px 20px;\r\n  font-family: 'Poppins', sans-serif;\r\n}\r\n\r\n.section-title {\r\n  text-align: center;\r\n  font-size: 42px;\r\n  margin-bottom: 70px;\r\n}\r\n\r\n.formation {\r\n  margin-bottom: 100px;\r\n}\r\n\r\n.formation h2 {\r\n  text-align: center;\r\n  font-size: 34px;\r\n  margin-bottom: 10px;\r\n  color: #6b2bd9;\r\n}\r\n\r\n.formation p {\r\n  text-align: center;\r\n  max-width: 800px;\r\n  margin: auto;\r\n  margin-bottom: 50px;\r\n  color: #555;\r\n}\r\n\r\n.packs {\r\n  display: flex;\r\n  gap: 30px;\r\n  justify-content: center;\r\n  flex-wrap: wrap;\r\n}\r\n\r\n.pack {\r\n  background: #ffffff;\r\n  border-radius: 22px;\r\n  padding: 45px 35px;\r\n  width: 320px;\r\n  text-align: center;\r\n  box-shadow: 0 25px 70px rgba(0,0,0,0.12);\r\n  transition: 0.3s;\r\n}\r\n\r\n.pack:hover {\r\n  transform: translateY(-12px);\r\n}\r\n\r\n.pack h3 {\r\n  font-size: 22px;\r\n  margin-bottom: 15px;\r\n}\r\n\r\n.price {\r\n  font-size: 46px;\r\n  font-weight: bold;\r\n  margin: 20px 0;\r\n}\r\n\r\n.pack ul {\r\n  list-style: none;\r\n  padding: 0;\r\n  margin: 35px 0;\r\n}\r\n\r\n.pack ul li {\r\n  margin: 12px 0;\r\n  font-size: 15px;\r\n}\r\n\r\n.btn {\r\n  display: inline-block;\r\n  padding: 16px 40px;\r\n  border-radius: 16px;\r\n  background: linear-gradient(135deg, #6b2bd9, #ff3cac);\r\n  color: #ffffff;\r\n  text-decoration: none;\r\n  font-weight: bold;\r\n  text-transform: uppercase;\r\n  cursor: pointer;\r\n}\r\n\r\n.btn:hover {\r\n  opacity: 0.85;\r\n}\r\n\r\n.premium {\r\n  border: 2px solid #6b2bd9;\r\n}\r\n<\/style>\r\n\r\n<div class=\"formations\">\r\n  <h1 class=\"section-title\">D\u00e9couvrez nos Formations<\/h1>\r\n\r\n  <!-- GRAPHISME -->\r\n  <div class=\"formation\">\r\n    <h2>Formation en Graphisme<\/h2>\r\n    <p>Devenez graphiste professionnel et cr\u00e9ez des visuels impactants.<\/p>\r\n\r\n    <div class=\"packs\">\r\n      <div class=\"pack\">\r\n        <h3>Pack Basique<\/h3>\r\n        <div class=\"price\">50.000 F<\/div>\r\n        <ul>\r\n          <li>Photoshop & Canva<\/li>\r\n          <li>Affiches simples<\/li>\r\n          <li>Bases du design<\/li>\r\n        <\/ul>\r\n        <a class=\"btn\" onclick=\"sendWhatsApp('Graphisme','Pack Basique')\">Souscrire<\/a>\r\n      <\/div>\r\n\r\n      <div class=\"pack\">\r\n        <h3>Pack Standard<\/h3>\r\n        <div class=\"price\">150.000 F<\/div>\r\n        <ul>\r\n          <li>Illustrator<\/li>\r\n          <li>Logos & Flyers<\/li>\r\n          <li>Branding<\/li>\r\n        <\/ul>\r\n        <a class=\"btn\" onclick=\"sendWhatsApp('Graphisme','Pack Standard')\">Souscrire<\/a>\r\n      <\/div>\r\n\r\n      <div class=\"pack premium\">\r\n        <h3>Pack Premium<\/h3>\r\n        <div class=\"price\">350.000 F<\/div>\r\n        <ul>\r\n          <li>UI \/ UX Design<\/li>\r\n          <li>Projets r\u00e9els<\/li>\r\n          <li>Coaching pro<\/li>\r\n        <\/ul>\r\n        <a class=\"btn\" onclick=\"sendWhatsApp('Graphisme','Pack Premium')\">Souscrire<\/a>\r\n      <\/div>\r\n    <\/div>\r\n  <\/div>\r\n\r\n  <!-- AUDIO VISUEL -->\r\n  <div class=\"formation\">\r\n    <h2>Formation en Montage Audio-visuel<\/h2>\r\n    <p>Cr\u00e9ez des vid\u00e9os professionnelles et des spots publicitaires.<\/p>\r\n\r\n    <div class=\"packs\">\r\n      <div class=\"pack\">\r\n        <h3>Pack Basique<\/h3>\r\n        <div class=\"price\">50.000 F<\/div>\r\n        <ul>\r\n          <li>CapCut & Filmora<\/li>\r\n          <li>Montage simple<\/li>\r\n          <li>Formats r\u00e9seaux sociaux<\/li>\r\n        <\/ul>\r\n        <a class=\"btn\" onclick=\"sendWhatsApp('Montage Audio-visuel','Pack Basique')\">Souscrire<\/a>\r\n      <\/div>\r\n\r\n      <div class=\"pack\">\r\n        <h3>Pack Standard<\/h3>\r\n        <div class=\"price\">150.000 F<\/div>\r\n        <ul>\r\n          <li>Premiere Pro<\/li>\r\n          <li>After Effects<\/li>\r\n          <li>Transitions pro<\/li>\r\n        <\/ul>\r\n        <a class=\"btn\" onclick=\"sendWhatsApp('Montage Audio-visuel','Pack Standard')\">Souscrire<\/a>\r\n      <\/div>\r\n\r\n      <div class=\"pack premium\">\r\n        <h3>Pack Premium<\/h3>\r\n        <div class=\"price\">350.000 F<\/div>\r\n        <ul>\r\n          <li>Motion Design<\/li>\r\n          <li>Spots publicitaires<\/li>\r\n          <li>Coaching avanc\u00e9<\/li>\r\n        <\/ul>\r\n        <a class=\"btn\" onclick=\"sendWhatsApp('Montage Audio-visuel','Pack Premium')\">Souscrire<\/a>\r\n      <\/div>\r\n    <\/div>\r\n  <\/div>\r\n\r\n  <!-- COMMUNITY -->\r\n  <div class=\"formation\">\r\n    <h2>Formation en Community Management<\/h2>\r\n    <p>G\u00e9rez des pages professionnelles et d\u00e9veloppez des communaut\u00e9s.<\/p>\r\n\r\n    <div class=\"packs\">\r\n      <div class=\"pack\">\r\n        <h3>Pack Basique<\/h3>\r\n        <div class=\"price\">50.000 F<\/div>\r\n        <ul>\r\n          <li>Cr\u00e9ation de pages<\/li>\r\n          <li>Publications simples<\/li>\r\n          <li>Bases r\u00e9seaux sociaux<\/li>\r\n        <\/ul>\r\n        <a class=\"btn\" onclick=\"sendWhatsApp('Community Management','Pack Basique')\">Souscrire<\/a>\r\n      <\/div>\r\n\r\n      <div class=\"pack\">\r\n        <h3>Pack Standard<\/h3>\r\n        <div class=\"price\">150.000 F<\/div>\r\n        <ul>\r\n          <li>Strat\u00e9gie de contenu<\/li>\r\n          <li>Calendrier \u00e9ditorial<\/li>\r\n          <li>Facebook Ads<\/li>\r\n        <\/ul>\r\n        <a class=\"btn\" onclick=\"sendWhatsApp('Community Management','Pack Standard')\">Souscrire<\/a>\r\n      <\/div>\r\n\r\n      <div class=\"pack premium\">\r\n        <h3>Pack Premium<\/h3>\r\n        <div class=\"price\">350.000 F<\/div>\r\n        <ul>\r\n          <li>Publicit\u00e9s avanc\u00e9es<\/li>\r\n          <li>Reporting & Analyse<\/li>\r\n          <li>Coaching business<\/li>\r\n        <\/ul>\r\n        <a class=\"btn\" onclick=\"sendWhatsApp('Community Management','Pack Premium')\">Souscrire<\/a>\r\n      <\/div>\r\n    <\/div>\r\n  <\/div>\r\n<\/div>\r\n\r\n<script>\r\nfunction sendWhatsApp(formation, pack) {\r\n  const phone = \"237620125002\";\r\n  const message = `Je souhaite souscrire \u00e0 la formation ${formation} - ${pack}`;\r\n  window.open(\r\n    `https:\/\/wa.me\/${phone}?text=${encodeURIComponent(message)}`,\r\n    \"_blank\"\r\n  );\r\n}\r\n<\/script>\r\n\t\t\t\t<\/div>\n\t\t\t\t\t<\/div>\n\t\t\t\t<\/div>\n\t\t\t\t<\/div>\n\t\t","protected":false},"excerpt":{"rendered":"<p>Nos Formations D\u00e9couvrez nos Formations Formation en Graphisme Devenez graphiste professionnel et cr\u00e9ez des visuels impactants. Pack Basique 50.000 F Photoshop &#038; Canva Affiches simples Bases du design Souscrire Pack Standard 150.000 F Illustrator Logos &#038; Flyers Branding Souscrire Pack Premium 350.000 F UI \/ UX Design Projets r\u00e9els Coaching pro Souscrire Formation en Montage Audio-visuel Cr\u00e9ez des vid\u00e9os professionnelles et des spots publicitaires. Pack Basique 50.000 F CapCut &#038; Filmora Montage simple Formats r\u00e9seaux sociaux Souscrire Pack Standard 150.000 F Premiere Pro After Effects Transitions pro Souscrire Pack Premium 350.000 F Motion Design Spots publicitaires Coaching avanc\u00e9 Souscrire Formation en Community Management G\u00e9rez des pages professionnelles et d\u00e9veloppez des communaut\u00e9s. Pack Basique 50.000 F Cr\u00e9ation de pages Publications simples Bases r\u00e9seaux sociaux Souscrire Pack Standard 150.000 F Strat\u00e9gie de contenu Calendrier \u00e9ditorial Facebook Ads Souscrire Pack Premium 350.000 F Publicit\u00e9s avanc\u00e9es Reporting &#038; Analyse Coaching business Souscrire<\/p>\n","protected":false},"author":1,"featured_media":0,"parent":0,"menu_order":0,"comment_status":"closed","ping_status":"closed","template":"elementor_header_footer","meta":{"footnotes":""},"class_list":["post-3379","page","type-page","status-publish","hentry"],"yoast_head":"<!-- This site is optimized with the Yoast SEO plugin v26.6 - https:\/\/yoast.com\/wordpress\/plugins\/seo\/ -->\n<title>Formations - wellborne<\/title>\n<meta name=\"robots\" content=\"index, follow, max-snippet:-1, max-image-preview:large, max-video-preview:-1\" \/>\n<link rel=\"canonical\" href=\"https:\/\/wellborne.site\/?page_id=3379\" \/>\n<meta property=\"og:locale\" content=\"en_US\" \/>\n<meta property=\"og:type\" content=\"article\" \/>\n<meta property=\"og:title\" content=\"Formations - wellborne\" \/>\n<meta property=\"og:description\" content=\"Nos Formations D\u00e9couvrez nos Formations Formation en Graphisme Devenez graphiste professionnel et cr\u00e9ez des visuels impactants. Pack Basique 50.000 F Photoshop &#038; Canva Affiches simples Bases du design Souscrire Pack Standard 150.000 F Illustrator Logos &#038; Flyers Branding Souscrire Pack Premium 350.000 F UI \/ UX Design Projets r\u00e9els Coaching pro Souscrire Formation en Montage Audio-visuel Cr\u00e9ez des vid\u00e9os professionnelles et des spots publicitaires. Pack Basique 50.000 F CapCut &#038; Filmora Montage simple Formats r\u00e9seaux sociaux Souscrire Pack Standard 150.000 F Premiere Pro After Effects Transitions pro Souscrire Pack Premium 350.000 F Motion Design Spots publicitaires Coaching avanc\u00e9 Souscrire Formation en Community Management G\u00e9rez des pages professionnelles et d\u00e9veloppez des communaut\u00e9s. Pack Basique 50.000 F Cr\u00e9ation de pages Publications simples Bases r\u00e9seaux sociaux Souscrire Pack Standard 150.000 F Strat\u00e9gie de contenu Calendrier \u00e9ditorial Facebook Ads Souscrire Pack Premium 350.000 F Publicit\u00e9s avanc\u00e9es Reporting &#038; Analyse Coaching business Souscrire\" \/>\n<meta property=\"og:url\" content=\"https:\/\/wellborne.site\/?page_id=3379\" \/>\n<meta property=\"og:site_name\" content=\"wellborne\" \/>\n<meta property=\"article:publisher\" content=\"https:\/\/web.facebook.com\/thewellbornes\/?_rdc=1&amp;_rdr#\" \/>\n<meta property=\"article:modified_time\" content=\"2025-12-30T09:34:22+00:00\" \/>\n<meta property=\"og:image\" content=\"https:\/\/wellborne.site\/wp-content\/uploads\/2025\/12\/cropped-LOGO-WELLBORNE-DIGITAL-1.png\" \/>\n\t<meta property=\"og:image:width\" content=\"512\" \/>\n\t<meta property=\"og:image:height\" content=\"512\" \/>\n\t<meta property=\"og:image:type\" content=\"image\/png\" \/>\n<meta name=\"twitter:card\" content=\"summary_large_image\" \/>\n<meta name=\"twitter:label1\" content=\"Est. reading time\" \/>\n\t<meta name=\"twitter:data1\" content=\"1 minute\" \/>\n<script type=\"application\/ld+json\" class=\"yoast-schema-graph\">{\"@context\":\"https:\/\/schema.org\",\"@graph\":[{\"@type\":\"WebPage\",\"@id\":\"https:\/\/wellborne.site\/?page_id=3379\",\"url\":\"https:\/\/wellborne.site\/?page_id=3379\",\"name\":\"Formations - wellborne\",\"isPartOf\":{\"@id\":\"https:\/\/wellborne.site\/#website\"},\"datePublished\":\"2025-12-28T15:21:14+00:00\",\"dateModified\":\"2025-12-30T09:34:22+00:00\",\"breadcrumb\":{\"@id\":\"https:\/\/wellborne.site\/?page_id=3379#breadcrumb\"},\"inLanguage\":\"en-US\",\"potentialAction\":[{\"@type\":\"ReadAction\",\"target\":[\"https:\/\/wellborne.site\/?page_id=3379\"]}]},{\"@type\":\"BreadcrumbList\",\"@id\":\"https:\/\/wellborne.site\/?page_id=3379#breadcrumb\",\"itemListElement\":[{\"@type\":\"ListItem\",\"position\":1,\"name\":\"Home\",\"item\":\"https:\/\/wellborne.site\/\"},{\"@type\":\"ListItem\",\"position\":2,\"name\":\"Formations\"}]},{\"@type\":\"WebSite\",\"@id\":\"https:\/\/wellborne.site\/#website\",\"url\":\"https:\/\/wellborne.site\/\",\"name\":\"wellborne\",\"description\":\"Parlez fort parlez visuellement\",\"publisher\":{\"@id\":\"https:\/\/wellborne.site\/#organization\"},\"alternateName\":\"wellborne\",\"potentialAction\":[{\"@type\":\"SearchAction\",\"target\":{\"@type\":\"EntryPoint\",\"urlTemplate\":\"https:\/\/wellborne.site\/?s={search_term_string}\"},\"query-input\":{\"@type\":\"PropertyValueSpecification\",\"valueRequired\":true,\"valueName\":\"search_term_string\"}}],\"inLanguage\":\"en-US\"},{\"@type\":\"Organization\",\"@id\":\"https:\/\/wellborne.site\/#organization\",\"name\":\"wellborne\",\"url\":\"https:\/\/wellborne.site\/\",\"logo\":{\"@type\":\"ImageObject\",\"inLanguage\":\"en-US\",\"@id\":\"https:\/\/wellborne.site\/#\/schema\/logo\/image\/\",\"url\":\"https:\/\/wellborne.site\/wp-content\/uploads\/2025\/12\/cropped-LOGO-WELLBORNE-DIGITAL-1.png\",\"contentUrl\":\"https:\/\/wellborne.site\/wp-content\/uploads\/2025\/12\/cropped-LOGO-WELLBORNE-DIGITAL-1.png\",\"width\":512,\"height\":512,\"caption\":\"wellborne\"},\"image\":{\"@id\":\"https:\/\/wellborne.site\/#\/schema\/logo\/image\/\"},\"sameAs\":[\"https:\/\/web.facebook.com\/thewellbornes\/?_rdc=1&_rdr#\",\"https:\/\/wellborne.site\/\"]}]}<\/script>\n<!-- \/ Yoast SEO plugin. -->","yoast_head_json":{"title":"Formations - wellborne","robots":{"index":"index","follow":"follow","max-snippet":"max-snippet:-1","max-image-preview":"max-image-preview:large","max-video-preview":"max-video-preview:-1"},"canonical":"https:\/\/wellborne.site\/?page_id=3379","og_locale":"en_US","og_type":"article","og_title":"Formations - wellborne","og_description":"Nos Formations D\u00e9couvrez nos Formations Formation en Graphisme Devenez graphiste professionnel et cr\u00e9ez des visuels impactants. Pack Basique 50.000 F Photoshop &#038; Canva Affiches simples Bases du design Souscrire Pack Standard 150.000 F Illustrator Logos &#038; Flyers Branding Souscrire Pack Premium 350.000 F UI \/ UX Design Projets r\u00e9els Coaching pro Souscrire Formation en Montage Audio-visuel Cr\u00e9ez des vid\u00e9os professionnelles et des spots publicitaires. Pack Basique 50.000 F CapCut &#038; Filmora Montage simple Formats r\u00e9seaux sociaux Souscrire Pack Standard 150.000 F Premiere Pro After Effects Transitions pro Souscrire Pack Premium 350.000 F Motion Design Spots publicitaires Coaching avanc\u00e9 Souscrire Formation en Community Management G\u00e9rez des pages professionnelles et d\u00e9veloppez des communaut\u00e9s. Pack Basique 50.000 F Cr\u00e9ation de pages Publications simples Bases r\u00e9seaux sociaux Souscrire Pack Standard 150.000 F Strat\u00e9gie de contenu Calendrier \u00e9ditorial Facebook Ads Souscrire Pack Premium 350.000 F Publicit\u00e9s avanc\u00e9es Reporting &#038; Analyse Coaching business Souscrire","og_url":"https:\/\/wellborne.site\/?page_id=3379","og_site_name":"wellborne","article_publisher":"https:\/\/web.facebook.com\/thewellbornes\/?_rdc=1&_rdr#","article_modified_time":"2025-12-30T09:34:22+00:00","og_image":[{"width":512,"height":512,"url":"https:\/\/wellborne.site\/wp-content\/uploads\/2025\/12\/cropped-LOGO-WELLBORNE-DIGITAL-1.png","type":"image\/png"}],"twitter_card":"summary_large_image","twitter_misc":{"Est. reading time":"1 minute"},"schema":{"@context":"https:\/\/schema.org","@graph":[{"@type":"WebPage","@id":"https:\/\/wellborne.site\/?page_id=3379","url":"https:\/\/wellborne.site\/?page_id=3379","name":"Formations - wellborne","isPartOf":{"@id":"https:\/\/wellborne.site\/#website"},"datePublished":"2025-12-28T15:21:14+00:00","dateModified":"2025-12-30T09:34:22+00:00","breadcrumb":{"@id":"https:\/\/wellborne.site\/?page_id=3379#breadcrumb"},"inLanguage":"en-US","potentialAction":[{"@type":"ReadAction","target":["https:\/\/wellborne.site\/?page_id=3379"]}]},{"@type":"BreadcrumbList","@id":"https:\/\/wellborne.site\/?page_id=3379#breadcrumb","itemListElement":[{"@type":"ListItem","position":1,"name":"Home","item":"https:\/\/wellborne.site\/"},{"@type":"ListItem","position":2,"name":"Formations"}]},{"@type":"WebSite","@id":"https:\/\/wellborne.site\/#website","url":"https:\/\/wellborne.site\/","name":"wellborne","description":"Parlez fort parlez visuellement","publisher":{"@id":"https:\/\/wellborne.site\/#organization"},"alternateName":"wellborne","potentialAction":[{"@type":"SearchAction","target":{"@type":"EntryPoint","urlTemplate":"https:\/\/wellborne.site\/?s={search_term_string}"},"query-input":{"@type":"PropertyValueSpecification","valueRequired":true,"valueName":"search_term_string"}}],"inLanguage":"en-US"},{"@type":"Organization","@id":"https:\/\/wellborne.site\/#organization","name":"wellborne","url":"https:\/\/wellborne.site\/","logo":{"@type":"ImageObject","inLanguage":"en-US","@id":"https:\/\/wellborne.site\/#\/schema\/logo\/image\/","url":"https:\/\/wellborne.site\/wp-content\/uploads\/2025\/12\/cropped-LOGO-WELLBORNE-DIGITAL-1.png","contentUrl":"https:\/\/wellborne.site\/wp-content\/uploads\/2025\/12\/cropped-LOGO-WELLBORNE-DIGITAL-1.png","width":512,"height":512,"caption":"wellborne"},"image":{"@id":"https:\/\/wellborne.site\/#\/schema\/logo\/image\/"},"sameAs":["https:\/\/web.facebook.com\/thewellbornes\/?_rdc=1&_rdr#","https:\/\/wellborne.site\/"]}]}},"_links":{"self":[{"href":"https:\/\/wellborne.site\/index.php?rest_route=\/wp\/v2\/pages\/3379","targetHints":{"allow":["GET"]}}],"collection":[{"href":"https:\/\/wellborne.site\/index.php?rest_route=\/wp\/v2\/pages"}],"about":[{"href":"https:\/\/wellborne.site\/index.php?rest_route=\/wp\/v2\/types\/page"}],"author":[{"embeddable":true,"href":"https:\/\/wellborne.site\/index.php?rest_route=\/wp\/v2\/users\/1"}],"replies":[{"embeddable":true,"href":"https:\/\/wellborne.site\/index.php?rest_route=%2Fwp%2Fv2%2Fcomments&post=3379"}],"version-history":[{"count":10,"href":"https:\/\/wellborne.site\/index.php?rest_route=\/wp\/v2\/pages\/3379\/revisions"}],"predecessor-version":[{"id":4144,"href":"https:\/\/wellborne.site\/index.php?rest_route=\/wp\/v2\/pages\/3379\/revisions\/4144"}],"wp:attachment":[{"href":"https:\/\/wellborne.site\/index.php?rest_route=%2Fwp%2Fv2%2Fmedia&parent=3379"}],"curies":[{"name":"wp","href":"https:\/\/api.w.org\/{rel}","templated":true}]}}